{"id":23,"date":"2010-01-01T13:54:57","date_gmt":"2010-01-01T12:54:57","guid":{"rendered":"http:\/\/www.persoenlichkeitsberatung.ch\/backstage\/?page_id=23"},"modified":"2018-02-20T09:49:32","modified_gmt":"2018-02-20T08:49:32","slug":"kontakt","status":"publish","type":"page","link":"http:\/\/www.persoenlichkeitsberatung.ch\/?page_id=23","title":{"rendered":"Kontakt und Preise"},"content":{"rendered":"<p><strong>Hier bin ich zu Hause: <\/strong><br \/>\nSie finden mich am<\/p>\n<p>Neumattweg 18<br \/>\n4124 Sch\u00f6nenbuch<br \/>\n(bei Allschwil, bei Basel in der Schweiz)<\/p>\n<p>Tel: +41.61.4813152<br \/>\nEmail: <a href=\"mailto:rosi.zeller@persoenlichkeitsberatung.ch\">rosi.zeller@persoenlichkeitsberatung.ch<\/a><\/p>\n<p>Mit den <strong>\u00f6ffentlichen Verkehrsmitteln<\/strong> k\u00f6nnen Sie bei <a href=\"http:\/\/www.sbb.ch\/\">www.sbb.ch<\/a> ihren pers\u00f6nlichen Fahrplan von Ihnen zu Hause, bis zum mir, als PDF erstellen lassen und sogar herunterladen.<\/p>\n<p>Mit dem <strong>Auto<\/strong> k\u00f6nnen Sie \u00fcber <a href=\"http:\/\/www.finaroute.ch\/\">www.finaroute.ch<\/a> die Fahrzeit und die Route berechnen lassen<\/p>\n<p>und mit <a href=\"http:\/\/www.swissgeo.ch\/\">www.swissgeo.ch<\/a> k\u00f6nnen Sie sehen wo Sch\u00f6nenbuch liegt.<\/p>\n<blockquote><p>Ich freue mich auf Sie und auf unsere Zusammenarbeit.<\/p><\/blockquote>\n<p><span style=\"color: #33cccc;\">____________________________________________________________<\/span><\/p>\n<h4>\u00dcber mich<\/h4>\n<p><a href=\"http:\/\/www.persoenlichkeitsberatung.ch\/wp-content\/uploads\/kontakt.1.jpg\"><img loading=\"lazy\" decoding=\"async\" class=\"alignleft size-full wp-image-324\" title=\"kontakt.1\" src=\"http:\/\/www.persoenlichkeitsberatung.ch\/wp-content\/uploads\/kontakt.1.jpg\" alt=\"\" width=\"156\" height=\"196\" \/><\/a>Kaufm\u00e4nnische Grundausbildung<\/p>\n<p>1986\/87 Ausbildung zur Farb- und Modestilberaterin bei &#8218;Modenoz&#8216; in Genf<\/p>\n<p>1993 bis 1997 Studium der Psychophysiognomik, Schwerpunkt Berufs- und Laufbahnberatung an der Carl-Huter-Akademie in Z\u00fcrich<br \/>\nDiplomarbeit: &#8218;Psychophysiognomik und subjektive Farbkl\u00e4nge&#8216;<\/p>\n<p>2001 bis 2004 Ausbildung zur Farbdesignerin mit eidgen\u00f6ssischem Fachausweis. Diplomarbeit &#8222;Farbgestaltung einer psychologischen Praxis&#8220;<\/p>\n<p><strong>Privatberatungen<\/strong><br \/>\nseit 1987 bis heute f\u00fcr Farbe, Mode und Stil<br \/>\nseit 1997 bis heute f\u00fcr Beruf, Laufbahn und Pers\u00f6nlichkeitsentwicklung<\/p>\n<p><strong>Auftr\u00e4ge<\/strong> <strong> <\/strong>als Beraterin, Seminarleiterin und Erwachsenenbildnerin bei diversen Institutionen, Vereinen, Schulen und Firmen, wie: Modehaus Spengler, Basel und Genf. R\u00fcmelin la Mode, Basel. IGK Kaderausbildung (Kantonalbanken). Mode Wartmann, Bern. Coiffure Hair-Sun, Basel. LEE HECHT HARRISON, econova, Basel. DMS Oberwil und Reinach. SBGRL. Welt in Basel, Werkstatt f\u00fcr ausserschulisches Lernen. Wirtschaftsgymnasium, Basel. Ciba, Spezialit\u00e4tenchemie,\u00a0Basler Kantonalbank.<br \/>\nVon 1994 \u2013 1999 regelm\u00e4ssig als Seminarleiterin bei Forum Femina, ehemals co-op Frauenbund Schweiz, t\u00e4tig.<\/p>\n<p><strong>Einf\u00fchrungskurse <\/strong>in die Huter&#8217;sche Psychophysiognomik (siehe <a href=\"?page_id=1384\">Kurse und Seminare<\/a>)<\/p>\n<p><strong>Physiognomische Beratungen zur Gestaltung naturalistischer Figuren <\/strong><br \/>\n1997 Peter Ochs, Ausstellung &#8218;Helvetic&#8216;, ehem. Schweizerisches Museum f\u00fcr Volkskunde, Basel (siehe <a href=\"?page_id=4\">Kunterbunt<\/a>)<br \/>\n1999 Thomas Platter und Tomilin, Ausstellung &#8218;500 Jahre Thomas Platter&#8216;, Heimatmuseum, Wallis, Gr\u00e4chen (siehe <a href=\"?page_id=19\">Arbeitsst\u00fccke<\/a>)<br \/>\n2000 Zino Davidoff, Ausstellung &#8218;Starker Tobak, ein Wunderkraut erobert die Welt&#8216; Museum der Kulturen, Basel<\/p>\n<p><strong>Publikationen <\/strong> zu den Themen Farbe, Form, Pers\u00f6nlichkeit.  (siehe <a href=\"?page_id=19\">Arbeitsst\u00fccke<\/a>)<\/p>\n<p><strong>Lehrauftrag<\/strong> seit 2003 an der Schweizerischen Textil &#8211; und Modefachschule, Fachrichtung Kunst und Gestaltung, &#8218;Farbdesign&#8216;, Unterricht in Z\u00fcrich, Bern und St. Gallen. (Siehe Fotos zum Unterricht <a href=\"?p=2922\">Farbpsychologie<\/a> und <a href=\"?p=1121\">Beratungstechnik<\/a> im Farbdesign)<br \/>\n<a href=\"http:\/\/www.textilfachschule.ch\/\">www.textilfachschule.ch<\/a><\/p>\n<p><strong>Lehrauftrag<\/strong> 2004 bis 2005. Backstage the academy, Bildungsinstitut f\u00fcr Maskenbildner und Visagisten, Basel, F\u00e4cher: Physiognomik und Farbenlehre.<\/p>\n<p>In <strong>Zusammenarbeit<\/strong> mit meinem Partner Christof Hungerb\u00fchler (wir sind beide ausgebildete Farbdesigner mit eidgen\u00f6ssischem Fachausweis), gestalten wir die Atmosph\u00e4re von R\u00e4umen und Stimmungen (siehe\u00a0<a href=\"?page_id=15\">Farbdesign<\/a>). <strong>Gemeinsam<\/strong> mit meiner Tochter Lili Zeller (sie ist Grafikerin und Art Director), gestalten wir Dokumente und Werbekonzepte (siehe\u00a0<a href=\"?page_id=28\">Grafische Kommunikation<\/a>).<\/p>\n<p>Schon immer, besch\u00e4ftige ich mich mit Farben und Formen, mit Gestalt, Struktur, Ausdruck und der daraus resultierenden Interaktion; mit den inneren und \u00e4usseren Entwicklungsm\u00f6glichkeiten des Menschen. Um meinen Interessen ein Gef\u00e4ss zu geben, habe ich das P.C.I.\u00ae Personal Corporate Identity Konzept entworfen.<\/p>\n<h4>Das Einfache ist das Wahre, Innen ist Aussen!<\/h4>\n<p><span style=\"color: #33cccc;\">____________________________________________________________<\/span><br \/>\n<a name=\"tarife\"><\/a><a id=\"zurueck\"><\/a><\/p>\n<table border=\"0\" cellspacing=\"0\" cellpadding=\"0\">\n<tbody>\n<tr>\n<td>\n<h4>Beratungsangebote<\/h4>\n<\/td>\n<td colspan=\"2\" align=\"right\">\n<h4>Honorar<\/h4>\n<\/td>\n<\/tr>\n<tr>\n<td><strong>Pers\u00f6nlichkeitsprofil P.C.I.\u00ae<br \/>\n(Personal Corporate Identity)<\/strong><br \/>\nFarb- , Stil- und Laufbahnberatung inbegriffen<\/td>\n<td align=\"right\" valign=\"top\">Fr.<\/td>\n<td align=\"right\" valign=\"top\">1&#8217;960.-<\/td>\n<\/tr>\n<tr>\n<td width=\"200\"><strong>Berufs- und Studienwahl<\/strong><br \/>\n<strong>Und \/ oder Laufbahnberatung<\/strong><br \/>\nErstabkl\u00e4rung und Beratung. Darin inbegriffen ist eine 4-seitige Beschreibung der relevanten Pers\u00f6nlichkeitsmerkmale und der Intelligenz sowie der daraus resultierenden Perspektiven.<br \/>\nAb dem 18. Lebensjahr <a href=\"#beschreibung1\"><em>(Beschreibung)<\/em><\/a><\/td>\n<td align=\"right\" valign=\"top\">Fr.<\/td>\n<td align=\"right\" valign=\"top\">1&#8217;480.-<\/td>\n<\/tr>\n<tr>\n<td><strong>Berufs- und Studienwahl f\u00fcr Jugendliche<\/strong><br \/>\nAbkl\u00e4rung mit schriftlicher Ausarbeitung enthaltend die Empfehlungen und die leitenden berufsrelevanten Pers\u00f6nlichkeitsmerkmale.<br \/>\nAb dem 15. Lebensjahr <a href=\"#beschreibung2\"><em>(Beschreibung)<\/em><\/a><\/td>\n<td align=\"right\" valign=\"top\">Fr.<\/td>\n<td align=\"right\" valign=\"top\">740.-<\/td>\n<\/tr>\n<tr>\n<td><strong>Farbberatung<\/strong> mit Farbpalette<\/td>\n<td align=\"right\" valign=\"top\">Fr.<\/td>\n<td align=\"right\" valign=\"top\">260.-<\/td>\n<\/tr>\n<tr>\n<td width=\"250\">darauf aufbauend<br \/>\n<strong>Stilberatung<\/strong> mit schriftlichen Unterlagen<\/td>\n<td colspan=\"2\" align=\"right\">Honorar nach Aufwand<\/td>\n<\/tr>\n<tr>\n<td valign=\"top\"><strong>Coaching und weiterf\u00fchrende Beratungen<\/strong><br \/>\npro Stunde<\/td>\n<td align=\"right\" valign=\"top\">Fr.<\/td>\n<td align=\"right\" valign=\"top\">125.-<\/td>\n<\/tr>\n<tr>\n<td valign=\"top\"><strong>Farbdesign<\/strong><\/td>\n<td colspan=\"2\" align=\"right\">Honorar nach Aufwand<\/td>\n<\/tr>\n<tr>\n<td valign=\"top\"><strong>Grafische Kommunikation<\/strong><\/td>\n<td colspan=\"2\" align=\"right\">Honorar nach Aufwand<\/td>\n<\/tr>\n<tr>\n<td valign=\"top\"><strong>Kurse, Seminare, Workshops<\/strong><\/td>\n<td colspan=\"2\" align=\"right\">Honorar nach Aufwand<\/td>\n<\/tr>\n<\/tbody>\n<\/table>\n<p>Mit Ausnahme des Coaching verstehen sich alle Honorare als Pauschalen am Ort des Instituts f\u00fcr Pers\u00f6nlichkeitsberatung. Allf\u00e4llige Reisekosten werden separat abgerechnet, wobei die Reisezeit gem\u00e4ss Stundenansatz belastet wird. Wir sind nicht Mehrwertsteuer-pflichtig.<\/p>\n<p>Bei kurzfristiger Abmeldung bzw. Verschiebung eines Termins mit weniger als 24 Std. Vorank\u00fcndigung werden zus\u00e4tzlich Fr. 100.- berechnet.<\/p>\n<p>Es sind f\u00fcr alle Angebote <a href=\"?page_id=959\"><strong>Geschenkgutscheine<\/strong><\/a> erh\u00e4ltlich.<\/p>\n<div id=\"beschreibung1\"><span style=\"color: #33cccc;\">____________________________________________________________<br \/>\n<\/span><a href=\"#zurueck\"><em>(zur\u00fcck zu den Beratungsangeboten)<\/em><\/a><\/p>\n<h4><span style=\"text-decoration: underline;\">Die Berufs-und Studienwahl und \/ oder Laufbahnberatung f\u00fcr Erwachsene umfasst:<\/span><\/h4>\n<\/div>\n<p><strong>Abkl\u00e4rung<\/strong><br \/>\nWir f\u00fchren ein ausf\u00fchrliches pers\u00f6nliches Aufnahmegespr\u00e4ch zur Abkl\u00e4rung der individuellen Bed\u00fcrfnisse und W\u00fcnsche durch.<\/p>\n<p><strong>Analyse<\/strong><br \/>\nDie physiognomischen Merkmale, die bei der Abkl\u00e4rung fotografisch festgehalten wurden und die ausgef\u00fcllten psychodiagnostischen Tests dienen uns als Grundlage zur Analyse der entscheidenden Pers\u00f6nlichkeitsmerkmale. Anlagen, Talente, pers\u00f6nliche Motivation, intellektuelle Begabung, Sozialkompetenz, Arbeits- und Lernverhalten werden dabei unter die Lupe genommen und mit dem erwarteten k\u00fcnftigen Arbeitsumfeld abgeglichen, welches der positiven Entwicklung und Entfaltung dient.<\/p>\n<p><strong>Die Besprechung und Beratung<\/strong><br \/>\nIn einem zweist\u00fcndigen Beratungsgespr\u00e4ch diskutieren wir die Analyse und die daraus resultierenden Ergebnisse. Wir empfehlen m\u00f6gliche neue Berufsfelder oder Berufsfunktionen sowie passende Aus- oder Weiterbildungen, die auf die pers\u00f6nliche Situation zugeschnitten sind. Wir definieren gemeinsam Etappen- und Langzeitziele.<\/p>\n<div id=\"beschreibung2\"><span style=\"color: #33cccc;\">____________________________________________________________<br \/>\n<\/span><a href=\"#zurueck\"><em>(zur\u00fcck zu den Beratungsangeboten)<\/em><\/a><\/p>\n<h4><span style=\"text-decoration: underline;\">Die Berufs- und Studienwahl f\u00fcr Jugendliche umfasst:<\/span><\/h4>\n<\/div>\n<p><strong>Abkl\u00e4rung<\/strong><br \/>\nWir f\u00fchren ein ausf\u00fchrliches pers\u00f6nliches Aufnahmegespr\u00e4ch zur Abkl\u00e4rung der aktuellen schulischen Situation durch.<\/p>\n<p><strong>Analyse<\/strong><br \/>\nDie physiognomischen Merkmale, die bei der Abkl\u00e4rung fotografisch festgehalten wurden und die psychodiagnostischen Tests dienen uns als Grundlage zur Analyse der berufsrelevanten Eigenschaften., Die dominanten Pers\u00f6nlichkeitsmerkmale und daraus folgenden Empfehlungen werden schriftlich festgehalten.<\/p>\n<p><strong>Besprechung und Beratung<\/strong><br \/>\nIn einem zweist\u00fcndigen Beratungsgespr\u00e4ch diskutieren wir das schriftliche Protokoll und die Ergebnisse, die zur passenden Lehre, zu einer schulischen Weiterbildung oder zum passenden Studium f\u00fchren.<br \/>\n<span style=\"color: #33cccc;\">____________________________________________________________<\/span><\/p>\n<h4><span style=\"text-decoration: underline;\">Coaching:<\/span><\/h4>\n<p>Bei Bedarf leisten wir gerne Unterst\u00fctzung auf dem Weg zum Ziel. Wir st\u00e4rken den R\u00fccken bei Entscheidungen, l\u00f6sen gemeinsam auftauchende Probleme und freuen uns mit Ihnen auf Ihre erfolgreiche Zukunft.<\/p>\n<p><span style=\"color: #33cccc;\">____________________________________________________________<\/span><\/p>\n<p>Das Urheberrecht f\u00fcr den Inhalt dieser Webseite liegt bei Rosi Zeller Pers\u00f6nlichkeitsberatung, Sch\u00f6nenbuch<br \/>\nFotos zum Thema Kirschen auf der Seite Farbdesign: \u00a9istockphoto.com<\/p>\n","protected":false},"excerpt":{"rendered":"<p>Hier bin ich zu Hause: Sie finden mich am Neumattweg 18 4124 Sch\u00f6nenbuch (bei Allschwil, bei Basel in der Schweiz) Tel: +41.61.4813152 Email: rosi.zeller@persoenlichkeitsberatung.ch Mit den \u00f6ffentlichen Verkehrsmitteln k\u00f6nnen Sie bei www.sbb.ch ihren pers\u00f6nlichen Fahrplan von Ihnen zu Hause, bis zum mir, als PDF erstellen lassen und sogar herunterladen. Mit dem Auto k\u00f6nnen Sie \u00fcber [&hellip;]<\/p>\n","protected":false},"author":1,"featured_media":0,"parent":0,"menu_order":8,"comment_status":"open","ping_status":"open","template":"","meta":{"footnotes":""},"_links":{"self":[{"href":"http:\/\/www.persoenlichkeitsberatung.ch\/index.php?rest_route=\/wp\/v2\/pages\/23"}],"collection":[{"href":"http:\/\/www.persoenlichkeitsberatung.ch\/index.php?rest_route=\/wp\/v2\/pages"}],"about":[{"href":"http:\/\/www.persoenlichkeitsberatung.ch\/index.php?rest_route=\/wp\/v2\/types\/page"}],"author":[{"embeddable":true,"href":"http:\/\/www.persoenlichkeitsberatung.ch\/index.php?rest_route=\/wp\/v2\/users\/1"}],"replies":[{"embeddable":true,"href":"http:\/\/www.persoenlichkeitsberatung.ch\/index.php?rest_route=%2Fwp%2Fv2%2Fcomments&post=23"}],"version-history":[{"count":100,"href":"http:\/\/www.persoenlichkeitsberatung.ch\/index.php?rest_route=\/wp\/v2\/pages\/23\/revisions"}],"predecessor-version":[{"id":105,"href":"http:\/\/www.persoenlichkeitsberatung.ch\/index.php?rest_route=\/wp\/v2\/pages\/23\/revisions\/105"}],"wp:attachment":[{"href":"http:\/\/www.persoenlichkeitsberatung.ch\/index.php?rest_route=%2Fwp%2Fv2%2Fmedia&parent=23"}],"curies":[{"name":"wp","href":"https:\/\/api.w.org\/{rel}","templated":true}]}}